. Let r(y) be the third derivative of -y**4/12 + y**3/2 + 8*y**2 - 26*y. Calculate r(t).
11
Let d(n) = n**2 - n. Let l be (-3 - -5)*(55/10)/(-11). Calculate d(l).
2
Let k(c) = 4*c + 1. Let g be 60/60 - (1 - -1). Determine k(g).
-3
Suppose 2*t + 6 = 0, -f - 3*t - t + 48 = 0. Let w(z) = -f + 36 + 31 - 2*z. What is w(7)?
-7
Let k(b) be the first derivative of -3*b**2/2 - 4*b - 420. Calculate k(-5).
11
Let y(z) be the first derivative of -z**3/3 - z**2/2 - z - 3. Suppose -3*t - 9 = x, -5*x + 2 = -3*x + t. Let q be (3 - x) + 0 - 1. Calculate y(q).
-1
Let b = 41 + -35. Suppose b*j + 20 = -4*j. Let v(i) = i - 2 + 4*i - 3*i - 5*i. What is v(j)?
4
Let w(x) = -x**2 - 11*x - 5. Let f be w(-10). Let j(d) = -7*d + 10. Calculate j(f).
-25
Suppose -10*p + 13*p = 3*d - 57, -3*d = 9. Let c(k) = k**2 + 21*k - 25. Give c(p).
-3
Let l be (-4)/(-6) - 6/9. Let k(x) = -5*x**3 + 32*x**2 - 4*x - 1. Let m(g) = -g**3 + 8*g**2 - g - 1. Let r(z) = -k(z) + 4*m(z). Calculate r(l).
-3
Let w(d) = d**2 + d + 1. Suppose l - p - 8 = -3*p, -2*p = 2*l - 6. Suppose -2*h - 17 = -3. Let j be (l - 0)*(h - -8). Determine w(j).
3
Let t(f) = -2*f + 5 + 0*f - 3. Let u(s) = s**3 - 14*s**2 + 13*s - 2. Let k be u(13). Determine t(k).
6
Let i(j) = j + 9. Let r be i(-4). Let h(y) = -34*y + 9. Let b(x) = -19*x + 5. Let m(q) = 7*b(q) - 4*h(q). What is m(r)?
14
Let i(m) be the third derivative of -m**6/120 + m**4/6 + m**3/2 + m**2 + 12. Suppose 5*r + 6 = 2*r. Give i(r).
3
Let a = -5 - -2. Let j be 3*(2 - (-2)/a). Let r(t) = -3*t - 25 - 39 - t**2 + 2*t**2 + 99 - 36. Give r(j).
3
Let s(t) = -t**3 - 5*t**2 + 3*t - 8. Let c(r) = 9*r - 213. Let d be c(23). Calculate s(d).
10
Let u(x) be the third derivative of 3/2*x**3 + 0*x + 0 - 10*x**2 - 1/12*x**4. What is u(7)?
-5
Let c(p) = 13*p + 5 + 10*p - 26*p - 4. Let j(k) = -k**2 + 5*k + 2. Let n be j(5). Give c(n).
-5
Suppose -85*x + n + 2 = -86*x, 4*n = 2*x - 8. Let q(s) = s + 2. Give q(x).
2
Let a(p) be the first derivative of p**2/2 - 7*p + 102. Give a(5).
-2
Let l(r) = 2*r + 8. Suppose -5*w - 234 = -194. Calculate l(w).
-8
Let b(a) be the third derivative of a**5/60 + a**4/24 - a**3/2 - 13*a**2 + 6*a. Give b(3).
9
Let x(k) be the first derivative of k**3/3 + 19*k**2/2 + 37*k + 883. Calculate x(-15).
-23
Let r be 1 - 5 - (-2 - 27). Suppose 6*n - r + 7 = 0. Let j(f) = -5*f + 4. Give j(n).
-11
Let z = 147 + -141. Suppose 0*y + z = -3*y. Let m(u) = 3 + 2*u + u - 4. Determine m(y).
-7
Let k(i) = 3*i - 19*i + 11*i - 1. Suppose 3*x + x = 8. Let a = x - 1. Calculate k(a).
-6
Suppose -2*t + 22 = -t + 5*i, 4*t = -4*i + 8. Let h(f) be the third derivative of -f**5/30 - f**4/12 + 2*f**3/3 - f**2. Give h(t).
-8
Suppose -28*o + 21*o = 0. Let w(j) = -j + 1. Let h be w(o). Let u(q) = -5*q**3 - q**2. Determine u(h).
-6
Suppose 0 = -0*t - 4*t + 8. Let g(u) = 1 + u**3 - 1 + 0*u**t + u**2 + u. Suppose -8 = -3*a + 7*a. Give g(a).
-6
Let m(n) = 5*n + 9. Let y(t) = 31*t + 180. Let q be y(-6). Give m(q).
-21
Let h(c) = 13*c - 1. Let p(y) = 3*y. Let q be 28 + -18 + -1 + (0 - 0). Let u(m) = q*p(m) - 2*h(m). Determine u(-8).
-6
Let t(q) be the first derivative of 3*q**2/2 + 3*q + 209. Calculate t(3).
12
Let y(v) = 0 - 6*v + 23*v - 3 - 8*v. What is y(-3)?
-30
Let y(v) = 5*v. Let i(p) = -5*p**3 + p. Let r be i(-1). Let m = 111 - 113. Let q be 2/(4/r*m). Determine y(q).
-5
Suppose 0 = 3*s - 15 - 0. Suppose -4*d = -3*t + 6, -t - s*d = 1 + 16. Let l(a) = a**3 - a. Determine l(t).
-6
Let y = -87 - -94. Suppose 0*m = -m - 3*b + 15, -5*b + 33 = 3*m. Let i(r) = m + 3 - 3 - 5 - y*r. What is i(2)?
-13
Suppose 9*c - 391 + 418 = 0. Let p(w) = -w**3 + 4*w - 1. Determine p(c).
14
Let d(y) = 11*y**2 + 2*y + 44. Let p(x) = -6*x**2 - 2*x - 23. Let h(t) = -4*d(t) - 7*p(t). What is h(3)?
-15
Let q = 11 + -5. Let h(m) = -1 - 8*m - 7*m - 2. Let l(w) = -7*w - 1. Let a(n) = q*h(n) - 13*l(n). Calculate a(6).
1
Let z be 0*(-2 - (1 - 4)). Let m(p) be the first derivative of -p**3/3 - 19*p - 30. Determine m(z).
-19
Let c(z) = -z**2 + 2*z - 1. Suppose 1 = -y + 2. Let d = 6 + y. Suppose 0 = -d*w + 10 - 3. Give c(w).
0
Let t(d) be the third derivative of d**6/120 - d**5/15 + d**4/12 - d**3/3 - 15*d**2 + 3. Let r = 1 + 2. Suppose r*s = s + 8. Calculate t(s).
6
Let q(s) = -4*s - 6. Let g be 1/(60/(-16) - -4). Let o(m) = 4*m + 5. Let z(k) = g*o(k) + 3*q(k). Calculate z(-2).
-6
Let y(v) = -v**3 + 4*v**2 - 3*v - 1. Suppose -180 = 15*x - 75*x. Give y(x).
-1
Suppose -4*a + 5*d - 2 = -5*a, a + 3*d = 0. Let s(o) = 5*o + 4. Calculate s(a).
-11
Suppose 4*s - 28 = -5*b, b + 3*s = -0*b + 10. Let x(m) = -5*m + m**3 + 0*m + 5 - 3*m**2 - 2*m. Determine x(b).
-7
Let w = -42 + 49. Let g(b) = w - 20 - 3*b + 11. Determine g(-3).
7
Let b(n) = -n**2 - 3*n + 2. Suppose 21 = w + 16. Suppose -k - 5*y = 28, 35 = -w*k - 7*y + 3*y. What is b(k)?
2
Let f(d) = d**3 - 2*d**2 + d + 14. Let n(a) = -2*a**2 - 22*a - 20. Let c be n(-10). Determine f(c).
14
Suppose -h = 3 - 15. Suppose -w = -2*k + 9, -4*k = -0 - h. Let v(u) = u**2 + 5*u - 3. Calculate v(w).
-9
Let j(d) be the first derivative of -d**4/4 + d**3/3 - d**2 - 12. Let q be -2 + 1 + (-2)/2. Let r = 4 + q. Give j(r).
-8
Let c(i) = -i + 8 + 0*i + 2*i. Let p be (-5)/(-20)*(-8)/5 + (-152)/20. Give c(p).
0
Let r(c) = 5*c + 4. Let s(f) = 14*f + 10. Let a(b) = -8*r(b) + 3*s(b). Calculate a(-2).
-6
Let z(j) = -2*j + 24. Let n(a) = -2*a + 29. Let p(i) = -4*n(i) + 5*z(i). Let h = 5 + -1. Calculate p(h).
-4
Suppose 5*h = 5*r + 35, 0 = -5*h + 10*r - 11*r + 17. Let v(o) = 4*o. Give v(h).
16
Let w(i) = i**2 + 6*i - 2. Let u be 4/(-6) + 14/3. Let a = 2 - u. Let b = a - 3. Calculate w(b).
-7
Let o be 24/16*(-20)/(-6). Let b be (-6 + o)*4/(-1). Suppose b*g - c + 0 = -7, 5*g - c + 10 = 0. Let h(z) = -z**2 - 2*z - 3. What is h(g)?
-6
Let f(r) = -77 + 158 - 80. Let u(s) = -s - 2. Let b(c) = -2*f(c) - 2*u(c). Determine b(4).
10
Let r(z) be the first derivative of z**4/4 + 5*z**3/3 + 2*z**2 - z + 34. Determine r(-3).
5
Suppose o + o = 4. Let r be (-3 - (0 - 2)) + o. Let d(a) = -1 + 2 + 9*a - r - 1. Calculate d(-1).
-10
Let m(x) = -14*x**3 + 2*x**2 - 1. Suppose 16*h + 3 = -13. Give m(h).
15
Let n(z) = -67*z**2 + 65*z**2 + 40*z - 4 - 28*z. Give n(6).
-4
Let k(t) = t**3 + t**2 - t + 9. Suppose -4*i = -2*s + 10, 18*i + 2*s = 19*i + 10. Give k(i).
9
Let k(j) = -25*j - 21. Let v(r) = -71*r - 60. Let a(q) = 17*k(q) - 6*v(q). Determine a(-5).
-2
Let o = 7 + -6. Let r be 5/(-15)*(-9)/o. Let d(x) = -3*x - 3 + 0 + 0. Determine d(r).
-12
Let r(t) = -t**2 - 60*t - 104. Let f be r(-58). Let h(m) = m - 16. Determine h(f).
-4
Let c(f) be the first derivative of -3*f**2 + 21*f + 129. Give c(6).
-15
Let a = 18 + -11. Suppose -o = -0*m - 4*m + 7, -2*o = m - 31. Let i(g) = 5*g + a*g - o*g + 1. Determine i(6).
-5
Let n(q) = -q**2 + 3*q - 2. Let i(x) be the third derivative of x**5/60 + x**4/6 + 5*x**3/6 + 9*x**2. Let t be i(0). Suppose 8 = t*l - 2. Calculate n(l).
0
Let m(l) = -17 - l**3 + 55 - 13 - 14 - 13 + 2*l. What is m(3)?
-23
Let i(v) = -7*v**3 + 35*v**2 + 19*v - 24. Let l(c) = -4*c**3 + 19*c**2 + 9*c - 12. Let q(r) = 3*i(r) - 5*l(r). Give q(11).
-1
Let r(y) = -2*y**2 + 15*y - 25. Let z(i) = i**2 - 7*i + 12. Let q(d) = 4*r(d) + 9*z(d). Give q(7).
36
Let t(o) = o**3 + 14*o**2 + 12*o - 11. Let w be t(-13). Suppose 0 = -4*u - 10 + w. Let q(y) = -1 + 4*y**2 - 3*y**2 - 2*y**2 - y**3 + y. Determine q(u).
1
Let n(m) = 7*m + 141805*m**2 + 26 - 10 - 141804*m**2. Give n(-5).
6
Let h = 4 - 9. Let x(i) = 2*i + 2. Let j(m) = -8*m - 4. Let k(q) = -j(q) - 5*x(q). Give k(h).
4
Let a be (-2)/8 + 12/(-16). Let l be 6*a*8/(-12). Let w(q) = 5*q**2 + 4*q + 1. Let f(g) = -4*g**2 - 4*g. Let c(h) = 6*f(h) + 5*w(h). Calculate c(l).
5
Let y(v) = v + 3. Let z be y(4). Suppose -23 = -3*g - 2*m - 10, 2*g - z = -3*m. Let f(r) = r + 4. Calculate f(g).
9
Let f(u) = u**2 - 5*u + 1. Let g be 10/3 - (-19)/(-57). Suppose -9 - 6 = -g*l. What is f(l)?
1
Let y(h) be the third derivative of -h**4/8 - 5*h**3/3 - 6*h**2 - 4. Determine y(-7).
11
Let a(v) be the first derivative of -v**5/20 - v**4/3 + v**3/2 - 3*v**2/2 - 4*v + 19. Let m(b) be the first derivative of a(b). What is m(-5)?
7
Suppose -2 = -4*u + 10. Suppose u*i + 1 = 4. Suppose -2*p = -0*k + 5*k - i, -3*p + 13 = -4*k. Let j(z) = 5*z. Determine j(k).
-5
Let g(s) be the first derivative of s**3/3 + 4